Let p be ((-1)/2)/((-2)/12). Suppose -b + 468 = p*b. What is the highest common factor of b and 13?
13
Let g(x) = -x + 15. Let f be g(9). Let c(h) = -h**3 + 5*h**2 + 8*h - 9. Let z be c(f). Calculate the greatest common factor of z and 27.
3
Suppose -4*j - 12 = -4. Let s = j + 9. What is the greatest common factor of s and 35?
7
Let r be ((-290)/8)/((-2)/8). Suppose -15 = 3*z, 0*y + 4*y = -3*z + r. Let g(k) = 2*k**2 - 4*k - 6. Let l be g(4). What is the highest common factor of y and l?
10
Let n(l) = -l**2 + 4*l + 5. Let g(t) = -2*t**2 + 6*t + 8. Let u(a) = -5*g(a) + 7*n(a). Let b be u(3). What is the highest common divisor of 176 and b?
16
Let h(k) = k + 3. Let w be h(3). Suppose m + 4 = 2*u, -m + u + 3*u = 12. Suppose 2*y - w = m. What is the highest common factor of 40 and y?
5
Let b = 44 + -8. Let l = b - 24. Calculate the greatest common factor of l and 24.
12
Let y be (-1)/4 - (-226)/8. Let v be 3/(-9) + 129/9. Calculate the greatest common divisor of v and y.
14
Suppose -6*v - 168 = -894. Calculate the highest common factor of 11 and v.
11
Suppose 0 = 9*j - 53 - 19. Calculate the highest common divisor of j and 24.
8
Suppose -6*b - 462 = -9*b. Suppose b = 2*z - 3*q + q, 0 = -4*z - q + 328. Calculate the highest common divisor of 9 and z.
9
Let j = -3 - -30. Calculate the highest common factor of 135 and j.
27
Let j be (-3)/(-9) + 7/(-3). Let l be j/6 - 28/(-3). Let v = 80 - 44. Calculate the greatest common divisor of l and v.
9
Suppose 4*r - 51 = s, 2*s - 24 = -3*r - 2*s. Let p = 20 + -12. What is the highest common divisor of p and r?
4
Suppose 0 = -s - d + 5*d - 8, 3*s - 5*d + 3 = 0. Let v(b) = b**3 - 3*b**2 - 3*b + 4. Let q be v(s). What is the highest common divisor of q and 8?
8
Let q(y) = 3*y. Suppose -4*z - 6 = -14. Let n be q(z). Let t be -1*20/(n/(-3)). What is the highest common factor of 15 and t?
5
Let q(s) = 2*s**2 - 7*s + 1. Let l be q(5). Calculate the greatest common divisor of l and 8.
8
Suppose 5*u = 0, 4*f - u = -2*u + 96. Calculate the greatest common divisor of 16 and f.
8
Let f = -19 - -34. Let p = f - 0. Calculate the greatest common factor of 10 and p.
5
Let x = 8 - -28. Let m = x - -6. What is the highest common factor of m and 6?
6
Let p be 126/(-24) - 2/(-8). Let t = -3 - p. Calculate the greatest common divisor of t and 4.
2
Let l be 2/(1/(-3) - -1). Let u = 13 - -20. What is the highest common factor of l and u?
3
Suppose -2*k - 11 = -3*k. Let s(i) be the first derivative of 3*i**2 - 25*i + 4. Let h be s(17). Calculate the highest common divisor of h and k.
11
Let n(y) = 3*y**2 + y + 4. Let d be n(3). Let o = d + 76. What is the greatest common factor of o and 10?
10
Suppose 0 = x - 4*x + 15. Let p(z) = 3*z**2 + 5*z + 1. Let l be p(-4). Let i = l + x. What is the greatest common factor of i and 17?
17
Let q be 1/(-4) - (-11 - (-1243)/(-44)). Let h be 3/(-15) - 132/(-10). Calculate the highest common factor of q and h.
13
Suppose -8 = i + 5*b, -b = 5*i - 0 - 8. Calculate the highest common divisor of i and 12.
2
Let b = 3 + 0. Suppose -43 = -b*m + 182. Calculate the highest common factor of m and 50.
25
Suppose -l = 7 - 2, 5*a + l = 875. Suppose 0*x - a = -2*x. Let r(m) = -13*m - 5. Let j be r(-1). Calculate the greatest common divisor of j and x.
8
Let r = -14 + 31. What is the greatest common divisor of 119 and r?
17
Let q be (-32)/(-4) - (-1 - 2). Let f be 3 + (6/2 - -49). Calculate the highest common divisor of q and f.
11
Suppose 5*s - 5*g = 330, 0 = -s + 5*g - g + 69. Suppose -4*h + 39 = -13. What is the greatest common factor of s and h?
13
Let n(f) = -f**3 + 17*f**2 + 17*f + 26. Let c be n(18). Calculate the greatest common divisor of c and 16.
8
Suppose 0 = b - z - 5 + 3, -2*b + 5*z = 2. Calculate the highest common divisor of 20 and b.
4
Let r(y) = -5*y**3 - y**2 - y. Let j be r(-1). What is the highest common divisor of j and 1?
1
Let w be (12 + -2)*(-1 + 2). Suppose -1100 = -0*o + 4*o. Let l = o + 385. What is the greatest common factor of w and l?
10
Suppose 3*a = -5*g + 30, 3*a = 5 + 10. Calculate the greatest common factor of g and 2.
1
Let o(y) = -y + 12. Let l be o(11). Let v(j) = j**2 + 2*j + 1. Let m be v(-5). Let r be -1 + 1 + m*l. Calculate the highest common factor of 16 and r.
16
Let j = 14 + -5. Let u be 44/33 - 2/(-3). Suppose -p = -4*n + 6 - 33, 54 = u*p - n. What is the highest common divisor of j and p?
9
Let i(v) = -v + 7. Let a be i(11). Let o = a + 7. Calculate the highest common factor of 2 and o.
1
Suppose 1 - 4 = -c. Calculate the greatest common divisor of 21 and c.
3
Let i(p) = p**3 - 2*p + 1. Let d be i(2). Let f(r) = r**3 - 5*r**2 + r - 4. Let a be f(d). Calculate the greatest common divisor of 5 and a.
1
Suppose 3*g - 16 = g. Let f = -36 + 56. Calculate the highest common factor of f and g.
4
Suppose -48 = -7*o + 5*o. Suppose u - 2*q - o = 0, -3*u + 0*q + q + 47 = 0. Calculate the greatest common factor of u and 14.
14
Suppose 5*g - 51 = 3*g - 5*f, -2*g = -2*f - 30. Suppose -2*x - 2*x = -8. Let p be 0/(x/2) + 6. Calculate the greatest common divisor of g and p.
6
Let x = 0 - -1. Let m be (0/1 + x)*6. Suppose -2*u - 1 = -19. Calculate the greatest common factor of m and u.
3
Suppose -6*c + 5*h = -c - 105, -2*h = 0. Let z be 2/(-3) - 42/(-9). Suppose -z*y = -c - 19. What is the greatest common factor of y and 50?
10
Let h be 3/(-6)*(-9 - -1). What is the highest common divisor of 2 and h?
2
Let u be (3 + -2)/(3 - 2). Suppose 5*g = u + 4. What is the greatest common divisor of g and 10?
1
Let y be (-3 - (0 + -2)) + 3. Suppose 117 = j + y*j. Let h be (-2)/(3 - j/12). Calculate the highest common factor of 12 and h.
4
Suppose 5*p = -5*t - 40, 9 + 5 = -t + p. Let d = 16 + t. What is the highest common factor of 40 and d?
5
Suppose -i + 3*i = 18. Let a be 2*-6*i/(-6). Calculate the greatest common factor of 162 and a.
18
Let m(l) = -l**3 - 2*l**2 + 11*l - 8. Let p be m(-6). What is the highest common divisor of 10 and p?
10
Suppose 2*i + 124 = 5*z - 3, -139 = -5*z - i. Calculate the highest common factor of z and 9.
9
Let g be ((-38)/(-8))/(12/144). What is the highest common divisor of 38 and g?
19
Let m(g) = -8*g + 8. Let d be m(-7). What is the greatest common factor of d and 16?
16
Suppose -30 = -0*u - 2*u. Calculate the greatest common factor of u and 3.
3
Let x = -6 - -14. Let d(a) = -7*a + 4. Let o be d(-4). Let k be (o/(-12))/((-1)/33). What is the highest common divisor of k and x?
8
Let i be (-2)/(-9) - 17/(1071/(-490)). What is the greatest common factor of 8 and i?
8
Let q = -9 - -48. Calculate the greatest common factor of 13 and q.
13
Let p(k) = -k + 35. Let o be p(-7). What is the greatest common divisor of 14 and o?
14
Let h(k) = -k - 1. Let i be h(-3). Let q(o) = -4 + 9 - o**3 + o - i*o. Let g be q(0). Calculate the greatest common factor of g and 5.
5
Suppose -8*f = -2*f - 12. What is the highest common divisor of 22 and f?
2
Suppose -153 - 113 = -7*y. What is the greatest common divisor of y and 57?
19
Let r(h) = h**2 - 2*h - 1. Let u be r(-5). Let y = 61 - u. Let c = 48 + -30. Calculate the greatest common divisor of y and c.
9
Let f = 341 + -229. Let k(i) = i**3 - 2*i**2 - 4*i - 2. Let d be k(4). What is the greatest common divisor of d and f?
14
Let r(x) = -x**2 - 2. Let w be r(0). Let j be (1*(w - 0))/(-1). Suppose 0 = -j*u - 0 + 4. What is the highest common factor of u and 6?
2
Let j be (22 - 10)/((-6)/(-8)). Let l be (j/4 - 9)*-12. What is the greatest common factor of l and 24?
12
Suppose -5*r = 3*w + w - 626, -3*w - 255 = -2*r. What is the greatest common factor of 7 and r?
7
Let o = 1 + 7. Calculate the greatest common divisor of o and 4.
4
Suppose 9*f - 110 = 4*f. Calculate the highest common divisor of 2 and f.
2
Let h be (-2 + 0 + -3)/(-1). Suppose -54 = -2*p - 5*q - 5, 35 = h*p - 5*q. Calculate the highest common factor of 12 and p.
12
Let a be (4 - 2)/(-4) + (-325)/(-26). What is the highest common divisor of 192 and a?
12
Suppose -3*m - 257 = -4*x, 0*m + 251 = 4*x - m. Calculate the greatest common factor of x and 155.
31
Let k = 8 - 4. Suppose -3*u - k = -2*u. Let i be 6/(-3)*30/u. What is the highest common divisor of i and 10?
5
Let c(t) = 2*t**3 - 19*t**2 - 10*t + 10. Let j be c(10). Calculate the highest common divisor of 5 and j.
5